tors of 51282986.
2, 491, 52223
What are the prime factors of 339282833?
339282833
List the prime factors of 50898039.
3, 47, 360979
List the prime factors of 2911713.
3, 7, 61, 2273
What are the prime factors of 286424826?
2, 3, 53, 857, 1051
List the prime factors of 286419406.
2, 7, 13, 32117
What are the prime factors of 547380022?
2, 7, 39098573
What are the prime factors of 593301561?
3, 197767187
List the prime factors of 222124823.
23, 1481, 6521
What are the prime factors of 5406516386?
2, 19, 373, 381439
List the prime factors of 9681301.
7, 1383043
What are the prime factors of 24666466?
2, 11, 1121203
What are the prime factors of 123165762?
2, 3, 331, 62017
What are the prime factors of 23707153?
167, 141959
List the prime factors of 15420252.
2, 3, 1285021
List the prime factors of 238922900.
2, 5, 317, 7537
List the prime factors of 19813220.
2, 5, 7, 97, 1459
What are the prime factors of 515520203?
11, 347, 135059
What are the prime factors of 37942727?
43, 882389
List the prime factors of 532741686.
2, 3, 23, 139, 27773
What are the prime factors of 1469848232?
2, 183731029
List the prime factors of 62462897.
7, 29, 113, 389
What are the prime factors of 987549099?
3, 329183033
List the prime factors of 7739389532.
2, 7, 276406769
What are the prime factors of 14253747?
3, 71, 66919
List the prime factors of 2531901.
3, 263, 3209
What are the prime factors of 515808358?
2, 13, 421, 47123
What are the prime factors of 24261869?
24261869
List the prime factors of 459825851.
131, 3510121
List the prime factors of 25429409.
25429409
List the prime factors of 5046448179.
3, 241, 1723, 4051
List the prime factors of 158768350.
2, 5, 13, 47, 5197
What are the prime factors of 2296948785?
3, 5, 153129919
What are the prime factors of 314609958?
2, 3, 13, 1344487
List the prime factors of 1584025526.
2, 792012763
What are the prime factors of 474995923?
331, 613, 2341
List the prime factors of 1877093568.
2, 3, 7, 3167
What are the prime factors of 31335635?
5, 967, 6481
What are the prime factors of 874074869?
874074869
List the prime factors of 217897034.
2, 108948517
List the prime factors of 2004163985.
5, 19, 149, 141587
List the prime factors of 829129306.
2, 41, 10111333
List the prime factors of 45334855.
5, 19, 477209
What are the prime factors of 55112806?
2, 7, 19, 207191
List the prime factors of 43703207.
43703207
What are the prime factors of 3719344660?
2, 5, 17, 31, 59, 5981
List the prime factors of 12798898.
2, 7, 61, 2141
What are the prime factors of 16716301?
7, 97, 3517
List the prime factors of 37403914.
2, 523, 35759
What are the prime factors of 936220452?
2, 3, 1427, 54673
List the prime factors of 242087088.
2, 3, 269, 18749
What are the prime factors of 8374828?
2, 7, 11, 27191
List the prime factors of 706840148.
2, 7, 109, 231599
List the prime factors of 39321857.
31, 1268447
What are the prime factors of 195596664?
2, 3, 8149861
List the prime factors of 53612104.
2, 7, 13, 73643
List the prime factors of 219202011.
3, 7, 53, 79, 277
List the prime factors of 1281782727.
3, 142420303
What are the prime factors of 130738264?
2, 29, 71, 7937
What are the prime factors of 4033146241?
101, 337, 118493
What are the prime factors of 4900210901?
50539, 96959
List the prime factors of 247629584.
2, 19, 359, 2269
What are the prime factors of 162023625?
3, 5, 61, 787
What are the prime factors of 225884974?
2, 7, 103, 383, 409
List the prime factors of 1612277948.
2, 43, 101, 92809
What are the prime factors of 4067863763?
4067863763
List the prime factors of 134788114.
2, 29, 37, 107, 587
List the prime factors of 104352148.
2, 26088037
What are the prime factors of 72774904?
2, 751, 12113
What are the prime factors of 367037436?
2, 3, 661, 46273
List the prime factors of 5481493.
29, 189017
List the prime factors of 29951561.
557, 53773
What are the prime factors of 240057641?
8273, 29017
What are the prime factors of 57723000?
2, 3, 5, 71, 271
What are the prime factors of 644457244?
2, 8819, 18269
List the prime factors of 49482106.
2, 131, 188863
What are the prime factors of 2076097750?
2, 5, 37, 224443
What are the prime factors of 785393448?
2, 3, 7, 4674961
What are the prime factors of 249478962?
2, 3, 167, 248981
List the prime factors of 1410343571.
7, 13, 19, 307, 2657
List the prime factors of 149515244.
2, 37378811
List the prime factors of 37754549.
7, 29, 163
List the prime factors of 152815408.
2, 9550963
What are the prime factors of 3528270343?
13, 89, 1427, 2137
What are the prime factors of 1634410231?
541, 3021091
What are the prime factors of 620119683?
3, 68902187
What are the prime factors of 172392809?
67, 593, 4339
List the prime factors of 303714825.
3, 5, 29, 311, 449
List the prime factors of 33304636.
2, 503, 16553
List the prime factors of 1521972841.
79, 773, 24923
What are the prime factors of 113722999?
13, 19, 460417
List the prime factors of 1952835970.
2, 5, 43, 4541479
List the prime factors of 5540418812.
2, 53, 26134051
What are the prime factors of 432357618?
2, 3, 7, 11, 935839
List the prime factors of 116610001.
116610001
What are the prime factors of 735357451?
735357451
List the prime factors of 2194663166.
2, 31, 643, 55051
List the prime factors of 30064548.
2, 3, 2505379
List the prime factors of 909446010.
2, 3, 5, 11, 41, 67217
What are the prime factors of 366000955?
5, 23, 673, 4729
What are the prime factors of 288139846?
2, 283, 541, 941
List the prime factors of 689283998.
2, 13, 26510923
What are the prime factors of 36870469?
19, 1940551
List the prime factors of 1871358380.
2, 5, 93567919
What are the prime factors of 1915879076?
2, 478969769
What are the prime factors of 1452472920?
2, 3, 5, 43, 101, 929
List the prime factors of 1658431768.
2, 7, 3469, 8537
What are the prime factors of 118224523?
5011, 23593
List the prime factors of 108654690.
2, 3, 5, 31, 116833
What are the prime factors of 486827970?
2, 3, 5, 16227599
What are the prime factors of 1536396205?
5, 23, 13359967
What are the prime factors of 3089997764?
2, 7, 89, 971, 1277
What are the prime factors of 4179359080?
2, 5, 13, 8037229
List the prime factors of 1909610.
2, 5, 17, 47, 239
What are the prime factors of 15321684?
2, 3, 7, 179, 1019
List the prime factors of 7753126012.
2, 17, 114016559
What are the prime factors of 24480602?
2, 23, 532187
What are the prime factors of 41284869?
3, 409, 33647
What are the prime factors of 166468913?
13, 17, 59, 751
What are the prime factors of 25666191?
3, 2851799
List the prime factors of 4247085961.
4357, 974773
What are the prime factors of 246742546?
2, 1861, 66293
What are the prime factors of 121289390?
2, 5, 17, 713467
What are the prime factors of 110243669?
23, 4793203
What are the prime factors of 2330291854?
2, 11, 1747, 60631
What are the prime factors of 194474699?
194474699
List the prime factors of 166299797.
17, 223, 43867
List the prime factors of 6708526.
2, 11, 304933
What are the prime factors of 658064807?
31, 21227897
What are the prime factors of 68293261?
68293261
What are the prime factors of 77469507?
3, 2869241
List the prime factors of 60105102.
2, 3, 317, 31601
List the prime factors of 26865054.
2, 3, 497501
List the prime factors of 1098853128.
2, 3, 1695761
What are the prime factors of 3740131780?
2, 5, 7, 11, 31541
What are the prime factors of 17295102?
2, 3, 11, 113, 773
List the prime factors of 25962746.
2, 193, 67261
List the prime factors of 668846334.
2, 3, 13, 17, 61, 8269
List the prime factors of 4316779897.
397, 10873501
What are the prime factors of 1626869465?
5, 13, 23, 37, 29411
What are the prime factors of 437796208?
2, 251, 109013
What are the prime factors of 834150083?
13, 59, 83, 13103
What are the prime factors of 1337245600?
2, 5, 557, 3001
List the prime factors of 29416953.
3, 17, 67, 8609
List the prime factors of 2162899287.
3, 659, 121559
What are the prime factors of 1927658473?
13, 148281421
What are the prime factors of 404314760?
2, 5, 1987, 5087
List the prime factors of 31394583.
3, 11, 337, 941
What are the prime factors of 29215918?
2, 3469, 4211
List the prime factors of 822024733.
139, 571, 10357
List the prime factors of 34899084.
2, 3, 11, 88129
List the prime f